 25 + -17?
-10
Evaluate 5 + 0 + -2 + -3 + -5.
-5
(-2 - -1) + (87 - 95)
-9
Evaluate -4 - (20 + -24) - (1 + -7).
6
Calculate (-2 - (-1 - -9)) + (-198 - -200).
-8
-3 - -6 - 8 - (20 - 28)
3
4 + 0 + -4 + 1 + 3
4
Evaluate 10 - 7 - (4 - 6).
5
Evaluate 1 + -5 - (75 + -84).
5
Calculate 3 + -2 + 2 - -1.
4
What is the value of 2 + -4 + (9 - 9)?
-2
What is 3 + 6 + 0 + -4 + -8?
-3
Evaluate -11 - (-12 - (2 + -8 + 0)).
-5
What is 0 - (7 - (9 + 0))?
2
-6 - (-1 - 2) - -5
2
Calculate 1 + (12 - -7) + -12.
8
What is the value of -3 + (7 - (-1 - -2 - -2))?
1
Evaluate (4 + -1 - 6) + -3.
-6
What is the value of (13 - (-1 - -23)) + 0?
-9
Evaluate 0 + 3 + (-4 - 1 - -1).
-1
Calculate 6 - (0 - 13 - -7 - -4).
8
(6 + -2 - 8 - 0) + 6
2
What is the value of 7 + -3 + (-3 - 13) + 5?
-7
What is the value of (7 - (7 + -2)) + -7?
-5
Evaluate (2 - 1) + (0 - 1).
0
-7 + 4 + 6 + 2 + -2
3
Evaluate -10 + 2 + 1 + 2.
-5
10 - (0 + 4) - (0 + 4)
2
3 + -2 - (-1 - -3)
-1
Calculate 16 - 8 - -3 - 18.
-7
Evaluate -9 - ((-18 - -2) + -3).
10
(2 - -1) + 0 + -6 + 4
1
What is 7 + 0 + -93 + 83?
-3
-7 + (-1 - (4 + -11))
-1
Calculate 106 + -112 - (-1 + -5 + 1).
-1
Evaluate 0 + -2 + 1 + 2.
1
Calculate -6 + (1 - 1 - (-1 + -1)).
-4
What is -4 - (2 + (-3 - 0))?
-3
What is -6 + 8 - (8 + -3)?
-3
What is -13 + (-2 - (5 + -7) - -7)?
-6
What is 5 + (-2 - 1 - 1)?
1
Evaluate -3 + (4 - (5 + -4)).
0
Calculate 0 - -1 - (1 - -1).
-1
What is the value of 0 - (-6 + 10 + -5)?
1
What is the value of -3 + 2 + -5 - -4?
-2
What is -16 + (4 - -10) + -3?
-5
What is the value of -2 - 0 - -2 - -5?
5
Evaluate -1 + (11 + -5 - 11).
-6
What is the value of 3 + -2 + -1 + (-5 - -8)?
3
(-13 - 0) + 4 + (-1 - -5)
-5
Evaluate 1 - (-1 + (-1 - -2)).
1
Evaluate -15 + -3 + 8 - -2.
-8
Evaluate -1 + -1 - 0 - (-18 + 15).
1
-2 - -2 - (-48 - -49)
-1
What is the value of 12 + -7 - -3 - 7?
1
Calculate -5 + 9 + (3 - 6).
1
Evaluate (-5 - -4) + -2 + 3 + -3.
-3
What is the value of -10 + 14 + (-2 - (0 + 2))?
0
Calculate (-23 + 26 - 4) + 1 + 1.
1
What is -6 - ((-4 - (1 + -6)) + -6)?
-1
What is (-4 + 15 - 2) + -5 - 8?
-4
What is 8 + (9 - 8 - 3)?
6
What is -1 - (-2 + (-1 - 3))?
5
What is -3 + 1 + 0 + (3 - 0)?
1
What is the value of ((3 - 6) + 8 - -3) + -12?
-4
What is (-3 - 0 - -1) + -1 + 1?
-2
What is (4 + -3 - (11 + -3)) + 3?
-4
What is 4 + -1 + 0 + -1 - 1?
1
Evaluate -2 - -1 - (8 + (-16 - -8)).
-1
Calculate 3 + -5 + (-7 - -9).
0
What is 3 - -1 - (1 + 1)?
2
Evaluate 7 + (18 + -6 - 24).
-5
(3 - 0) + (3 - 8)
-2
Evaluate 14 + (-13 - 2) - (0 - 1).
0
What is the value of (-15 - -15) + 1 + -6?
-5
(5 - -1) + (-1 - (-2 + 2))
5
Evaluate (13 - 21) + 8 + 0.
0
Evaluate 1 + (-8 - (-6 - -7)) + 6.
-2
Evaluate (-3 - (3 - 2)) + 0 - 2.
-6
What is -11 + (11 + -5 - (3 - 4))?
-4
Evaluate -5 + (-5 - -2 - -12).
4
Calculate 12 - 2 - 4 - (19 - 11).
-2
-10 + -3 + 1 + 6
-6
5 + -1 - (-9 - -8)
5
What is the value of 4 - (2 - -2) - 0?
0
What is (6 + -1 - 1) + (0 - 1)?
3
What is the value of 3 + 2 + 2 - 4?
3
Calculate 1 + 2 + (0 - 7).
-4
Calculate 1 - (0 + 0 + 2 - 3).
2
What is 11 - -1 - (195 - 181)?
-2
Evaluate (-1 - -3 - (-53 + 51)) + -3.
1
What is 4 + -8 + (4 - 2)?
-2
Calculate -10 + 12 - (9 - 1).
-6
What is the value of (11 - 5) + -7 + 4?
3
Calculate (-4 - -9) + 2 + 3 + -15.
-5
What is (-1 - -6) + (4 - 14)?
-5
What is the value of 10 + -6 + 4 + -3 + -2?
3
Calculate -4 + (6 - 4) + 4.
2
Calculate -1 - (-7 + (8 + -2 - 1)).
1
Evaluate 2 + -1 + -10 + 5.
-4
Calculate (1 - -2 - -4) + -9 + -4.
-6
Evaluate -4 - 0 - ((-2 - -6) + -9).
1
Calculate -4 + -2 + (10 - 5).
-1
What is (5 - 11) + 1 + 1?
-4
-9 + (-1 - 4 - (-27 + 19))
-6
Evaluate 1 - (-4 + -1) - 2.
4
(10 - 8) + -1 + 0 + -5
-4
-7 + (8 - (0 + 5))
-4
Calculate -22 + 26 - (1 - 1).
4
Evaluate 0 + 6 + -2 + -6.
-2
What is the value of -3 - (4 + -3 - 0)?
-4
-3 - (-10 - -8 - -2)
-3
Calculate (4 - 5 - 3) + 0 + 5.
1
-4 - (-9 + 5) - (-7 - -1)
6
Evaluate (2 - (-7 - -4)) + -4 + 2.
3
Calculate 0 + 5 + (-16 - -2) - -6.
-3
7 - (-3 - -14) - (3 + -1)
-6
What is -8 - -27 - 15 - (1 + -1)?
4
What is the value of -6 - (-5 - ((-13 - -4) + 4))?
-6
What is the value of -7 + -1 - (-3 - (-8 - -7))?
-6
What is 7 - (4 - 1) - 5?
-1
Calculate (-16 + 5 - -6) + 6.
1
What is the value of (6 - 5) + -1 + 2?
2
What is the value of -6 - (-3 + (-1 - -2)) - -1?
-3
Evaluate 4 - 1 - (53 + -47).
-3
Evaluate -2 - (4 - 5) - 6.
-7
What is the value of -10 + (24 - 0) + -8?
6
What is 1 + (5 - 2 - 8 - 1)?
-5
Evaluate 13 + (8 - (-13 + 27)).
7
-3 + (4 - (-3 + -1)) + -5
0
What is 0 + 1 + 25 + -30?
-4
What is the value of -9 + 7 + 9 + 1 + -6?
2
What is (-21 - (2 + -13)) + 8?
-2
Evaluate (-5 - (-2 + -4)) + 3 + 1.
5
Evaluate (96 + -98 - (1 + -10)) + 0.
7
-2 + (-4 - -3 - -2)
-1
Calculate (-8 - 0) + (1 - -2).
-5
What is the value of -14 - (-4 - -6) - -12?
-4
-5 + (7 - (2 - 1))
1
What is the value of (1 - 0) + 2 + (49 - 49)?
3
What is (2 - 1) + (-13 - -12) + 5?
5
Calculate 1 - -1 - (1 - 1 - 0).
2
Calculate 1 + 1 + (13 - 15).
0
-37 + 31 - (-5 + 6)
-7
What is the value of 12 + -8 + (1 - (5 + -3))?
3
What is -4 - (3 + (-2 - 1))?
-4
-8 + 5 + (2 - 0)
-1
Evaluate (-2 - (1 - 3)) + -1 + 0.
-1
What is 0 - (-7 + (-3 - (3 - 9)))?
4
Calculate -8 - (1 - 3) - 3.
-9
Calculate (3 - (-25 - -18)) + -8 + 1.
3
Calculate 2 + 2 + -2 + 23 + -24.
1
What is the value of 11 + 1 + -2 + (-2 - 2)?
6
6 + -3 - (2 + -2)
3
7 - (-9 - (-19 + 0))
-3
-7 + 5 - (4 - 1)
-5
7 + (-8 - -6) + -6
-1
What is the value of (6 - -4 - 13) + 1?
-2
-4 + 1 + 3 + 0
0
What is the value of 7 - (10 + -7) - (-1 - -7)?
-2
Calculate -11 - 3 - -8 - -8.
2
What is -1 + (0 - (-5 + -3))?
7
Evaluate -1 - (-7 - (-6 - -4)).
4
(-10 - -8) + -2 - 1
-5
Evaluate (-23 - -3) + 4 - -7.
-9
What is the value of 10 - -2 - ((-2 - -3) + 5)?
6
What is -13 - (0 + 2 + -6 - 2)?
-7
-5 - (-8 + -2 - -3)
2
Evaluate -2 + -2 + (-1 - 6 - -13).
2
What is the value of -2 + -6 + 4 + (11 - 2)?
5
What is the value of -5 - (-14 + 0 - (3 - 8))?
4
What is the value of 12 + (-7 - (7 - 7))?
5
(9 - 7) + 2 + (2 - 4)
2
Evaluate 2 + 4 + -6 + 2.
2
What is the value of -3 + 9 + -4 + 1?
3
Evaluate 7 + 2 - (2 + 12).
-5
Calculate -1 + 8 - (-10 - (-10 - 3)).
4
What is the value of 0 + -3 - (-47 + 41)?
3
3 - (6 - 4) - (0 + -2)
3
Evaluate 5 + 1 + -12 + 0 + 3.
-3
Calculate -2 + 0 + 4 - 7.
-5
Evaluate (0 - (-9 - 1)) + 11 + -16.
5
Evaluate 7 + (2 - (4 + -6 - -4)).
7
Evaluate 1 - 2 - (9 - (5 + 1)).
-4
Calculate -2 - ((0 - -8) + -4 - 10).
4
What is the value of (-5 - -2) + 11 + -9?
-1
Evaluate -7 - 0 - -1 - (-5 + -2).
1
What is (-6 - -13) + -1 + -4?
2
Calculate -16 + 6 - (-3 - 2).
-5
(5 - (3 + 1)) + 1 - 0
2
What is (2 + -4 - (-2 + -1)) + 0?
1
6 + -2 + (-3 - 0)
1
Calculate -5 + (0 - (3 + 1 - 4)).
-5
11 + -2 + -21 + 16 - 6
-2
What is -5 - (-17 - -4) - (18 + -19)?
9
What is (5 - 10 - 5) + 5?
-5
Calculate (1 + -4 - (20 + -20)) + 2.
-1
What is 2 - -2 - (-33 + 35)?
2
What is -3 - 1 - (-4 + (-6 - -1))?
5
What is 1 + -5 + -2 - -6?
0
What is (4 - 14) + 2 + 16?
8
Evaluate -1 + -2 - (-19 + 18).
-2
Evaluate 11 - ((15 - 7) + 0).
3
Calculate 17 - 18 - (1 - 3).
1
-1 - -5 - (12 - 10)
2
Evaluate 4 - 4 - -1 - (7 + -1).
-5
What is (9 - -5) + -11 + 3?
6
What is -1 - -4 - 5 - (-3 - -1)?
0
-1 + -1 - -7 - 6 - 1
-2
Evaluate 2 - (5 - (11 - (-4 - -8))).
4
What is 0 + 0 + 4 + -9 - -1?
-4
Evaluate (2 - (-4 - (-7 - 1))) + 2.
0
((2 - 6) + 0 - 1) + 8
3
What is (6 + -6 - -5) + -4?
1
What is the value of 1 + 5 - (-7 - -17)?
-4
What is the value of -2 - (1 + 0 + -2)?
-1
What is the value of (-3 - 7) + 15 + -6?
-1
Evaluate (-5 + 3 - -1) + 0 - 1.
-2
What is the value of -5 + (6 - 3 - (-2 - 0))?
0
(-5 - -10 - 2) + 0 + 3
6
Calculate (19 + -11 - 0) + -9.
-1
What is the value of (-2 - -2 - (6 - 8)) + -1?
1
(-8 + 9 - (1 - -4)) + 0
-4
Evaluate -7 + -5 + 10 + 7.
5
Evaluate 0 + 13 + (54 - 63).
4
Evaluate -3 + (-5 - (-16 - -8)).
0
What is the value of 2 + -1 + 1 + 1 + 2?
5
-5 + (-4 - -7) - (2 - 5)
1
(5 - 3) + -3 - -3
2
(-1 - -5) + -6 - (4 - 12)
6
Calculate (-15 - -12) + (10 - 0).
7
Evaluate -7 - (2 + -4 - (7 + -5)).
-3
-3 - (4 + 1 + -9)
1
(3 + -2 - -2 - 4) + 4
3
Calculate 18 + -17 + (1 - 1).
1
Evaluate 2 + (-4 - (1 + -5)) + -2.
0
What is the value of -5 + (12 - 1) + 4?
10
-18 + 17 - (1 + -1)
-1
Evaluate 7 - (1 + 0 + 2).
4
Calculate 6 + 0 + (-3 - 1) - 4.
-2
Calculate -5 - (3 + -6 + -2 + 4).
-4
Calculate -3 + (7 - (-1 + 0) - 0).
5
What is (-5 - 6) + 